{"id":372,"date":"2021-08-27T11:59:19","date_gmt":"2021-08-27T11:59:19","guid":{"rendered":"http:\/\/dummy.xtemos.com\/woodmart2\/elementor\/?post_type=product&#038;p=372"},"modified":"2026-03-12T10:44:48","modified_gmt":"2026-03-12T10:44:48","slug":"rota-sete-lagos","status":"publish","type":"product","link":"https:\/\/ttra.com.br\/index.php\/produto\/rota-sete-lagos\/","title":{"rendered":"Rota Sete Lagos"},"content":{"rendered":"\t\t<div data-elementor-type=\"wp-post\" data-elementor-id=\"372\" class=\"elementor elementor-372\" data-elementor-post-type=\"product\">\n\t\t\t\t<div class=\"wd-negative-gap elementor-element elementor-element-53eea44 e-flex e-con-boxed e-con e-parent\" data-id=\"53eea44\" data-element_type=\"container\" data-e-type=\"container\">\n\t\t\t\t\t<div class=\"e-con-inner\">\n\t\t<div class=\"elementor-element elementor-element-cc8e042 e-con-full e-flex e-con e-child\" data-id=\"cc8e042\" data-element_type=\"container\" data-e-type=\"container\">\n\t\t\t\t<div class=\"elementor-element elementor-element-4a8a87a elementor-widget elementor-widget-wd_text_block\" data-id=\"4a8a87a\" data-element_type=\"widget\" data-e-type=\"widget\" data-widget_type=\"wd_text_block.default\">\n\t\t\t\t<div class=\"elementor-widget-container\">\n\t\t\t\t\t\t\t<div class=\"wd-text-block reset-last-child text-left\">\n\t\t\t\n\t\t\t<p>A Rota 7 Lagos \u00e9 o caminho que liga as charmosas cidades de Villa la Angostura e San Mart\u00edn de los Andes, na regi\u00e3o norte da Patag\u00f4nia Argentina.<\/p><p>Ser\u00e3o cinco noites e seis dias de muita divers\u00e3o curtindo os lugares mais incr\u00edveis de Bariloche, iremos proporcionar uma viv\u00eancia incr\u00edvel e inesquec\u00edvel aos participantes. Nossa aventura pelo sul da Argentina oferece uma experi\u00eancia \u00fanica nas paisagens deslumbrantes e na cultura das cidades que comp\u00f5em nosso roteiro. Cada destino \u00e9 uma alegria da Patag\u00f4nia, com belezas naturais que tornam essa regi\u00e3o uma das mais encantadoras do mundo para explorar de bicicleta.<\/p><p>Um roteiro elaborado sobre medida para aqueles que amam a pr\u00e1tica do cicloturismo e trekking e querem conhecer lugares incr\u00edveis, um verdadeiro interc\u00e2mbio cultural em uma cidade que respira a pr\u00e1tica de atividades outdoors.<\/p>\n\t\t\t\t\t<\/div>\n\t\t\t\t\t\t<\/div>\n\t\t\t\t<\/div>\n\t\t\t\t<\/div>\n\t\t<div class=\"elementor-element elementor-element-2136194 e-con-full e-flex e-con e-child\" data-id=\"2136194\" data-element_type=\"container\" data-e-type=\"container\">\n\t\t<div class=\"elementor-element elementor-element-157f3ad e-grid e-con-full e-con e-child\" data-id=\"157f3ad\" data-element_type=\"container\" data-e-type=\"container\">\n\t\t\t\t<div class=\"elementor-element elementor-element-e17d3f0 elementor-widget elementor-widget-wd_image_or_svg\" data-id=\"e17d3f0\" data-element_type=\"widget\" data-e-type=\"widget\" data-widget_type=\"wd_image_or_svg.default\">\n\t\t\t\t<div class=\"elementor-widget-container\">\n\t\t\t\t\t\n\t\t<div class=\"wd-image text-left\">\n\t\t\t\t\t\t\t\t<img fetchpriority=\"high\" decoding=\"async\" width=\"700\" height=\"400\" src=\"https:\/\/lime-mosquito-140957.hostingersite.com\/wp-content\/uploads\/2021\/08\/prod02.jpg\" class=\"attachment-full size-full\" alt=\"\" srcset=\"https:\/\/lime-mosquito-140957.hostingersite.com\/wp-content\/uploads\/2021\/08\/prod02.jpg 700w, https:\/\/lime-mosquito-140957.hostingersite.com\/wp-content\/uploads\/2021\/08\/prod02-400x229.jpg 400w, https:\/\/lime-mosquito-140957.hostingersite.com\/wp-content\/uploads\/2021\/08\/prod02-430x246.jpg 430w, https:\/\/lime-mosquito-140957.hostingersite.com\/wp-content\/uploads\/2021\/08\/prod02-150x86.jpg 150w\" sizes=\"(max-width: 700px) 100vw, 700px\" \/>\t\t\t\t\t<\/div>\n\n\t\t\t\t\t\t<\/div>\n\t\t\t\t<\/div>\n\t\t\t\t<div class=\"elementor-element elementor-element-e81c4f9 elementor-widget elementor-widget-image\" data-id=\"e81c4f9\" data-element_type=\"widget\" data-e-type=\"widget\" data-widget_type=\"image.default\">\n\t\t\t\t<div class=\"elementor-widget-container\">\n\t\t\t\t\t\t\t\t\t\t\t\t\t\t\t<img decoding=\"async\" width=\"700\" height=\"400\" src=\"https:\/\/lime-mosquito-140957.hostingersite.com\/wp-content\/uploads\/2021\/08\/imgprod.jpg\" class=\"attachment-large size-large wp-image-15759\" alt=\"\" srcset=\"https:\/\/lime-mosquito-140957.hostingersite.com\/wp-content\/uploads\/2021\/08\/imgprod.jpg 700w, https:\/\/lime-mosquito-140957.hostingersite.com\/wp-content\/uploads\/2021\/08\/imgprod-400x229.jpg 400w, https:\/\/lime-mosquito-140957.hostingersite.com\/wp-content\/uploads\/2021\/08\/imgprod-430x246.jpg 430w, https:\/\/lime-mosquito-140957.hostingersite.com\/wp-content\/uploads\/2021\/08\/imgprod-150x86.jpg 150w\" sizes=\"(max-width: 700px) 100vw, 700px\" \/>\t\t\t\t\t\t\t\t\t\t\t\t\t\t\t<\/div>\n\t\t\t\t<\/div>\n\t\t\t\t<div class=\"elementor-element elementor-element-855e002 elementor-widget elementor-widget-image\" data-id=\"855e002\" data-element_type=\"widget\" data-e-type=\"widget\" data-widget_type=\"image.default\">\n\t\t\t\t<div class=\"elementor-widget-container\">\n\t\t\t\t\t\t\t\t\t\t\t\t\t\t\t<img decoding=\"async\" width=\"700\" height=\"400\" src=\"https:\/\/lime-mosquito-140957.hostingersite.com\/wp-content\/uploads\/2021\/08\/prod05.jpg\" class=\"attachment-large size-large wp-image-15778\" alt=\"\" srcset=\"https:\/\/lime-mosquito-140957.hostingersite.com\/wp-content\/uploads\/2021\/08\/prod05.jpg 700w, https:\/\/lime-mosquito-140957.hostingersite.com\/wp-content\/uploads\/2021\/08\/prod05-400x229.jpg 400w, https:\/\/lime-mosquito-140957.hostingersite.com\/wp-content\/uploads\/2021\/08\/prod05-430x246.jpg 430w, https:\/\/lime-mosquito-140957.hostingersite.com\/wp-content\/uploads\/2021\/08\/prod05-150x86.jpg 150w\" sizes=\"(max-width: 700px) 100vw, 700px\" \/>\t\t\t\t\t\t\t\t\t\t\t\t\t\t\t<\/div>\n\t\t\t\t<\/div>\n\t\t\t\t<div class=\"elementor-element elementor-element-30e5faa elementor-widget elementor-widget-image\" data-id=\"30e5faa\" data-element_type=\"widget\" data-e-type=\"widget\" data-widget_type=\"image.default\">\n\t\t\t\t<div class=\"elementor-widget-container\">\n\t\t\t\t\t\t\t\t\t\t\t\t\t\t\t<img loading=\"lazy\" decoding=\"async\" width=\"700\" height=\"400\" src=\"https:\/\/lime-mosquito-140957.hostingersite.com\/wp-content\/uploads\/2021\/08\/prod10.jpg\" class=\"attachment-large size-large wp-image-15783\" alt=\"\" srcset=\"https:\/\/lime-mosquito-140957.hostingersite.com\/wp-content\/uploads\/2021\/08\/prod10.jpg 700w, https:\/\/lime-mosquito-140957.hostingersite.com\/wp-content\/uploads\/2021\/08\/prod10-400x229.jpg 400w, https:\/\/lime-mosquito-140957.hostingersite.com\/wp-content\/uploads\/2021\/08\/prod10-430x246.jpg 430w, https:\/\/lime-mosquito-140957.hostingersite.com\/wp-content\/uploads\/2021\/08\/prod10-150x86.jpg 150w\" sizes=\"(max-width: 700px) 100vw, 700px\" \/>\t\t\t\t\t\t\t\t\t\t\t\t\t\t\t<\/div>\n\t\t\t\t<\/div>\n\t\t\t\t<\/div>\n\t\t\t\t<\/div>\n\t\t\t\t\t<\/div>\n\t\t\t\t<\/div>\n\t\t<div class=\"wd-negative-gap elementor-element elementor-element-144c00c e-flex e-con-boxed e-con e-parent\" data-id=\"144c00c\" data-element_type=\"container\" data-e-type=\"container\">\n\t\t\t\t\t<div class=\"e-con-inner\">\n\t\t\t\t<div class=\"elementor-element elementor-element-d8070cf wd-wc-notices elementor-widget elementor-widget-wd_wc_notices\" data-id=\"d8070cf\" data-element_type=\"widget\" data-e-type=\"widget\" data-widget_type=\"wd_wc_notices.default\">\n\t\t\t\t<div class=\"elementor-widget-container\">\n\t\t\t\t\t<div class=\"woocommerce-notices-wrapper\"><\/div>\t\t\t\t<\/div>\n\t\t\t\t<\/div>\n\t\t\t\t\t<\/div>\n\t\t\t\t<\/div>\n\t\t\t\t<\/div>\n\t\t","protected":false},"excerpt":{"rendered":"<p>Prepare-se para viver um dos trajetos mais c\u00eanicos e emocionantes do mundo!<\/p>\n","protected":false},"featured_media":15759,"comment_status":"open","ping_status":"closed","template":"","meta":[],"product_brand":[],"product_cat":[33],"product_tag":[],"class_list":{"0":"post-372","1":"product","2":"type-product","3":"status-publish","4":"has-post-thumbnail","6":"product_cat-pacotes","8":"first","9":"instock","10":"featured","11":"shipping-taxable","12":"purchasable","13":"product-type-simple"},"_links":{"self":[{"href":"https:\/\/ttra.com.br\/index.php\/wp-json\/wp\/v2\/product\/372","targetHints":{"allow":["GET"]}}],"collection":[{"href":"https:\/\/ttra.com.br\/index.php\/wp-json\/wp\/v2\/product"}],"about":[{"href":"https:\/\/ttra.com.br\/index.php\/wp-json\/wp\/v2\/types\/product"}],"replies":[{"embeddable":true,"href":"https:\/\/ttra.com.br\/index.php\/wp-json\/wp\/v2\/comments?post=372"}],"version-history":[{"count":31,"href":"https:\/\/ttra.com.br\/index.php\/wp-json\/wp\/v2\/product\/372\/revisions"}],"predecessor-version":[{"id":15894,"href":"https:\/\/ttra.com.br\/index.php\/wp-json\/wp\/v2\/product\/372\/revisions\/15894"}],"wp:featuredmedia":[{"embeddable":true,"href":"https:\/\/ttra.com.br\/index.php\/wp-json\/wp\/v2\/media\/15759"}],"wp:attachment":[{"href":"https:\/\/ttra.com.br\/index.php\/wp-json\/wp\/v2\/media?parent=372"}],"wp:term":[{"taxonomy":"product_brand","embeddable":true,"href":"https:\/\/ttra.com.br\/index.php\/wp-json\/wp\/v2\/product_brand?post=372"},{"taxonomy":"product_cat","embeddable":true,"href":"https:\/\/ttra.com.br\/index.php\/wp-json\/wp\/v2\/product_cat?post=372"},{"taxonomy":"product_tag","embeddable":true,"href":"https:\/\/ttra.com.br\/index.php\/wp-json\/wp\/v2\/product_tag?post=372"}],"curies":[{"name":"wp","href":"https:\/\/api.w.org\/{rel}","templated":true}]}}